{"id":12,"date":"2016-12-14T20:45:06","date_gmt":"2016-12-14T20:45:06","guid":{"rendered":"http:\/\/josef-wolff.de\/?page_id=12"},"modified":"2025-01-04T21:13:10","modified_gmt":"2025-01-04T21:13:10","slug":"biographie","status":"publish","type":"page","link":"https:\/\/josef-wolff.de\/?page_id=12","title":{"rendered":"Biographie"},"content":{"rendered":"\n<p><strong>Biographie &#8211; tja, so wurde ich, wer ich bin:<\/strong><\/p>\n\n\n<div class=\"wp-block-image\">\n<figure class=\"alignleft\"><img loading=\"lazy\" decoding=\"async\" width=\"100\" height=\"137\" src=\"https:\/\/josef-wolff.de\/wp-content\/uploads\/2016\/12\/Kiga-Kind.jpg\" alt=\"\" class=\"wp-image-13\"\/><\/figure>\n<\/div>\n\n\n<p>4. Dez. 1968 (am Namenstag der Hl. Barbara) geboren in Eschweiler,<br>\ngetauft (am 22.12.68 durch Pater Joh. Wolff) und aufgewachsen in D\u00fcrwi\u00df (kath. Pfarre St. Bonifatius),<br>\nKindergarten St. Josef, Kath. Grundschule D\u00fcrwi\u00df,<br>\nSch\u00fctzenbruderschaft St. Sebastianus D\u00fcrwi\u00df<br>\n(Jeder f\u00e4ngt mal klein an&#8230;)<\/p>\n\n\n\n<p><strong><br>\n1988 Abitur<\/strong> am St\u00e4dt. Gymnasium Eschweiler<\/p>\n\n\n<div class=\"wp-block-image\">\n<figure class=\"alignleft\"><img loading=\"lazy\" decoding=\"async\" width=\"223\" height=\"270\" src=\"https:\/\/josef-wolff.de\/wp-content\/uploads\/2016\/12\/JgTr.gif\" alt=\"\" class=\"wp-image-34\"\/><\/figure>\n<\/div>\n\n<div class=\"wp-block-image\">\n<figure class=\"alignright\"><img loading=\"lazy\" decoding=\"async\" width=\"138\" height=\"217\" src=\"https:\/\/josef-wolff.de\/wp-content\/uploads\/2016\/12\/lt_jw.jpg\" alt=\"\" class=\"wp-image-14\"\/><\/figure>\n<\/div>\n\n\n<p>Okt. 1988 &#8211; Sept. 1992 Zeitsoldat (Offizieranw\u00e4rter, ab 01.10.91 Leutnant) in der <strong>Bundeswehr<\/strong>, J\u00e4gertruppe (ungepanzerte Kampftruppe \/ Infanterie); stationiert in Flensburg mit Lehrg\u00e4ngen an der Infanterieschule \/ KTS 1 des Heeres in&nbsp; Unterfranken; zuletzt Zugf\u00fchrer\/Feuerleitoffizier des schweren (Panzer-)M\u00f6rserzuges des J\u00e4gerbattaillons 511, Flensburg (heute aufgel\u00f6st)<\/p>\n\n\n\n<hr class=\"wp-block-separator has-alpha-channel-opacity\"\/>\n\n\n<div class=\"wp-block-image\">\n<figure class=\"alignleft\"><img loading=\"lazy\" decoding=\"async\" width=\"120\" height=\"122\" src=\"https:\/\/josef-wolff.de\/wp-content\/uploads\/2016\/12\/maynooth.gif\" alt=\"\" class=\"wp-image-35\"\/><\/figure>\n<\/div>\n\n\n<p>Okt. 1992 \u00a0 Beginn des <strong>Studiums der kath. Theologie<\/strong> an der Uni Bonn als Priesteramtskandidat f\u00fcr das Bistum Aachen;<br>Okt. 1994 &#8211; Juni 1995 \u00a0 akad. Auslandsjahr an der<br>Pontifical University St. Patrick&#8217;s College,<br>Maynooth (Republik Irland)<\/p>\n\n\n\n<p>Sommer 1995 Pflegearbeit in einem Alten(pflege)heim in Eschweiler f\u00fcr 2 Monate<\/p>\n\n\n\n<p>Febr. 1998 Abschluss des Theol.-Studiums mit dem &#8222;kirchlichen Examen&#8220; bzw. dem (staatl.) Diplom in kath. Theologie;<br> Thema der Examens-\/Diplom-Arbeit:<br><em> &#8222;Die Beteiligung von Gl\u00e4ubigen ohne Priesterweihe an der Aus\u00fcbung der pfarrlichen Hirtensorge &#8211;<br> Verst\u00e4ndnis und Ausgestaltung von c. 517 \u00a7 2 CIC\/1983 in deutschen Di\u00f6zesen aus kirchenrechtlicher Sicht&#8220;<\/em><br> <a href=\"https:\/\/josef-wolff.de\/wp-content\/uploads\/2016\/12\/Diplomarbeit_can_517-2_1997.pdf\">Diplomarbeit_can_517-2_1997<\/a><\/p>\n\n\n\n<p>M\u00e4rz u. April 1998 Praktikum in der Milit\u00e4rseelsorge<br>beim Kath. Standortpfarrer, Aachen<\/p>\n\n\n\n<p>Mai \/ Juni 1998 vierw\u00f6chige Ignatianische Exerzitien, Berlin-Kladow<\/p>\n\n\n\n<p>Schuljahr 1998\/99 &nbsp;&nbsp;&nbsp; Jahrespraktikum in den Pfarren St. Mari\u00e4 Rosenkranz u. St. Elisabeth, M\u00f6nchengladbach-Eicken, heute Pfarre Sankt Vitus (Pastoralkurs I)<\/p>\n\n\n\n<p>Schuljahr 1999\/2000 &nbsp; Einsatz als Diakonand u. (ab 29.11.99) als Diakon in den Pfarren Herz Jesu u. St. Michael, Burtscheid, heute Pfarre St. Gregor von Burtscheid (Pastoralkurs II)<\/p>\n\n\n\n<hr class=\"wp-block-separator has-alpha-channel-opacity\"\/>\n\n\n<div class=\"wp-block-image\">\n<figure class=\"alignleft\"><img loading=\"lazy\" decoding=\"async\" width=\"259\" height=\"271\" src=\"https:\/\/josef-wolff.de\/wp-content\/uploads\/2016\/12\/jhwh-ego_eimi.jpg\" alt=\"\" class=\"wp-image-37\"\/><\/figure>\n<\/div>\n\n\n<p>23. Sept. 2000 <strong>Weihe zum Priester<\/strong> im Aachener Dom durch Bischof Heinrich Mussinghoff<\/p>\n\n\n\n<p>Primizspruch:<br>\n&#8222;Wie kann ich dem Herrn all das vergelten,<br>\nwas Er mir Gutes getan hat?&#8220;&nbsp;&nbsp; (Ps 116,12)<\/p>\n\n\n<div class=\"wp-block-image\">\n<figure class=\"alignright\"><img loading=\"lazy\" decoding=\"async\" width=\"128\" height=\"125\" src=\"https:\/\/josef-wolff.de\/wp-content\/uploads\/2016\/12\/wappen.gif\" alt=\"\" class=\"wp-image-38\"\/><\/figure>\n<\/div>\n\n\n<p><\/p>\n\n\n\n<p><strong>Okt. 2000 bis 03.10. 2004 \u00a0 <\/strong>Einsatz als <strong>Kaplan<\/strong> der Pfarrgemeinde St. Donatus mit der Erl\u00f6serkirche, Brand<\/p>\n\n\n\n<p><strong>9.\/10. Okt. 2004 bis Ende 2009 Pfarrer <\/strong>der Pfarren St. Antonius, D\u00fcren-Gr\u00fcng\u00fcrtel und St. Bonifatius, D\u00fcren-Ost;<br> 1.1.2010 bis Ende Nov. 2012 \u00a0\u00a0 Mit-Pfarrer (&#8222;in solidum&#8220;) und Moderator der Pfarre St. Lukas, GdG D\u00fcren-Mitte;<br> Schwerpunkt-Aufgaben:<br> Seelsorge in den Gemeinden St. Antonius u. St. Bonifatius,<br> Betreuung der 6 pfarrl. Kinder-Tagesst\u00e4tten,<br> Caritas und Trauer-Seelsorge<\/p>\n\n\n<div class=\"wp-block-image\">\n<figure class=\"alignleft is-resized\"><img loading=\"lazy\" decoding=\"async\" width=\"300\" height=\"220\" src=\"https:\/\/josef-wolff.de\/wp-content\/uploads\/2016\/12\/HGJ-300x220.jpg\" alt=\"\" class=\"wp-image-39\" style=\"width:221px;height:auto\" srcset=\"https:\/\/josef-wolff.de\/wp-content\/uploads\/2016\/12\/HGJ-300x220.jpg 300w, https:\/\/josef-wolff.de\/wp-content\/uploads\/2016\/12\/HGJ-768x564.jpg 768w, https:\/\/josef-wolff.de\/wp-content\/uploads\/2016\/12\/HGJ-1024x751.jpg 1024w, https:\/\/josef-wolff.de\/wp-content\/uploads\/2016\/12\/HGJ.jpg 1146w\" sizes=\"auto, (max-width: 300px) 100vw, 300px\" \/><\/figure>\n<\/div>\n\n\n<p><strong>Jan. 2013 bis Ende 2022<\/strong><br> Leitender Pfarrer<br> der Pfarrei Heilig Geist im <strong>J\u00fclicher Land<\/strong><br> mit dem schicken Titelchen &#8222;Propst&#8220;<\/p>\n\n\n\n<p><\/p>\n\n\n\n<p><\/p>\n\n\n<div class=\"wp-block-image\">\n<figure class=\"alignright\"><img loading=\"lazy\" decoding=\"async\" width=\"300\" height=\"73\" src=\"https:\/\/josef-wolff.de\/wp-content\/uploads\/2023\/06\/Logo-grenzenlos-300x73.jpg\" alt=\"\" class=\"wp-image-325\" srcset=\"https:\/\/josef-wolff.de\/wp-content\/uploads\/2023\/06\/Logo-grenzenlos-300x73.jpg 300w, https:\/\/josef-wolff.de\/wp-content\/uploads\/2023\/06\/Logo-grenzenlos.jpg 554w\" sizes=\"auto, (max-width: 300px) 100vw, 300px\" \/><\/figure>\n<\/div>\n\n\n<p>Jan. bis Dez. <strong>2023 GdG-Leiter der <a href=\"https:\/\/gdg-grenzenlos.de\/start\/\" target=\"_blank\" rel=\"noopener\">GdG grenzenlos<\/a> im Nordwesten Aachens <\/strong>und Pfarradministrator der sechs dazugeh\u00f6rigen Pfarreien<\/p>\n\n\n\n<figure class=\"wp-block-image size-full\"><img loading=\"lazy\" decoding=\"async\" width=\"800\" height=\"369\" src=\"https:\/\/josef-wolff.de\/wp-content\/uploads\/2025\/01\/Vorstellung.jpg\" alt=\"\" class=\"wp-image-457\" srcset=\"https:\/\/josef-wolff.de\/wp-content\/uploads\/2025\/01\/Vorstellung.jpg 800w, https:\/\/josef-wolff.de\/wp-content\/uploads\/2025\/01\/Vorstellung-300x138.jpg 300w, https:\/\/josef-wolff.de\/wp-content\/uploads\/2025\/01\/Vorstellung-768x354.jpg 768w\" sizes=\"auto, (max-width: 767px) 89vw, (max-width: 1000px) 54vw, (max-width: 1071px) 543px, 580px\" \/><\/figure>\n\n\n\n<p><strong>Seit Jan. 2024 &#8222;Pfarradministrator&#8220;, GdG- und kgv-Leiter der GdG und des kgv Kreuzau-H\u00fcrtgenwald in der wundersch\u00f6nen Rureifel <\/strong>&#8211; und immer noch dabei, in meine neue\/n Rolle\/n hineinzuwachsen, die wie die Rur st\u00e4ndig im Flie\u00dfen sind&#8230; <\/p>\n\n\n\n<p><\/p>\n\n\n\n<hr class=\"wp-block-separator has-alpha-channel-opacity\"\/>\n\n\n\n<p>Weite Wege meines Lebens haben mich begleitet meine Lebensgef\u00e4hrtinnen:<\/p>\n\n\n<div class=\"wp-block-image wp-image-62\">\n<figure class=\"alignleft\"><img loading=\"lazy\" decoding=\"async\" width=\"207\" height=\"300\" src=\"https:\/\/josef-wolff.de\/wp-content\/uploads\/2016\/12\/berta-my_love-207x300.jpg\" alt=\"\" class=\"wp-image-62\" srcset=\"https:\/\/josef-wolff.de\/wp-content\/uploads\/2016\/12\/berta-my_love-207x300.jpg 207w, https:\/\/josef-wolff.de\/wp-content\/uploads\/2016\/12\/berta-my_love.jpg 228w\" sizes=\"auto, (max-width: 207px) 100vw, 207px\" \/><figcaption class=\"wp-element-caption\">Meine Jugend-Liebe \ud83d\ude0e<\/figcaption><\/figure>\n<\/div>\n\n\n<p><strong>Berta<\/strong> (senior) &#8211; bis zum Ende der Welt!<\/p>\n\n\n\n<p>Meine Jugend-Liebe \ud83d\ude0e<br>\nUnd (nach vermeintlichem finalem Motorversagen)<br>\nist sie auferstanden und f\u00e4hrt reanimiert &#8230;<\/p>\n\n\n\n<p>und:<\/p>\n\n\n<div class=\"wp-block-image\">\n<figure class=\"alignright\"><img loading=\"lazy\" decoding=\"async\" width=\"294\" height=\"252\" src=\"https:\/\/josef-wolff.de\/wp-content\/uploads\/2016\/12\/Berta-junior.jpg\" alt=\"\" class=\"wp-image-63\"\/><\/figure>\n<\/div>\n\n\n<p><\/p>\n\n\n\n<p><strong>Berta junior<\/strong> &#8211; Leider ist sie am 1. April 2005 in D\u00fcren entf\u00fchrt worden (nein, leider kein Aprilscherz) und nie wieder aufgetaucht. :'(<\/p>\n\n\n\n<p>Ich hoffe, dass sie noch irgendwo im Ganzen erfreut und nicht als Ersatzteillager ausgeweidet worden ist&#8230;<\/p>\n\n\n\n<p>Meine &#8222;aktuelle Perle&#8220;:<br>Mair\u00e9ad (in &#8222;Biarritz-Blau&#8220;)<\/p>\n\n\n<div class=\"wp-block-image wp-image-64 size-full\">\n<figure class=\"aligncenter\"><img loading=\"lazy\" decoding=\"async\" width=\"300\" height=\"244\" src=\"https:\/\/josef-wolff.de\/wp-content\/uploads\/2016\/12\/Mairead-e1686473710474.jpg\" alt=\"\" class=\"wp-image-64\"\/><figcaption class=\"wp-element-caption\">Good vibrations!<\/figcaption><\/figure>\n<\/div>\n\n\n<p>Das Stra\u00dfenverkehrsamt D\u00fcren war so nett, uns am Freitag vor Pfingsten, dem 2. Juni 2006, zu trauen &#8211; und den Bund mit dem Zeichen <strong>DN-MT 9<\/strong> zu besiegeln.<br>\n\u00dcbrigens ist der Name &#8222;Mair\u00e9ad&#8220; irisch \/ g\u00e4lisch f\u00fcr &#8222;Margarita&#8220; (lat.), was auf deutsch &#8222;Perle&#8220; bedeutet.<\/p>\n\n\n\n<p>Bei MT 9, also im MaTth\u00e4us-Evangelium, Kapitel 9, beginnt \u00fcbrigens die gro\u00dfe Rede Jesu zur Aussendung seiner J\u00fcnger:<\/p>\n\n\n\n<p><em>9:35 Jesus zog durch alle St\u00e4dte und D\u00f6rfer, lehrte in ihren Synagogen, verk\u00fcndete das Evangelium vom Reich und heilte alle Krankheiten und Leiden&#8230;<\/em><br>\n<em>9:37 Da sagte er zu seinen J\u00fcngern: Die Ernte ist gro\u00df, aber es gibt nur wenig Arbeiter.<\/em><br>\n<em>9:38 Bittet also den Herrn der Ernte, Arbeiter f\u00fcr seine Ernte auszusenden.<\/em><br>\n<em>10:1 Dann rief er seine zw\u00f6lf J\u00fcnger zu sich und gab ihnen die Vollmacht, die unreinen Geister auszutreiben und alle Krankheiten und Leiden zu heilen.<\/em><\/p>\n\n\n\n<p>Nat\u00fcrlich k\u00f6nnte man auch sagen, dass das Stra\u00dfenverkehrsamt nicht mehr so gro\u00dfe Auswahl an kurzen Nummernschildern hatte&#8230;&nbsp;&nbsp; \ud83d\ude09<\/p>\n\n\n\n<p><\/p>\n\n\n<div class=\"wp-block-image\">\n<figure class=\"alignleft size-full is-resized\"><img loading=\"lazy\" decoding=\"async\" width=\"600\" height=\"338\" src=\"https:\/\/josef-wolff.de\/wp-content\/uploads\/2025\/01\/BlueBeauty.jpg\" alt=\"\" class=\"wp-image-458\" style=\"width:340px;height:auto\" srcset=\"https:\/\/josef-wolff.de\/wp-content\/uploads\/2025\/01\/BlueBeauty.jpg 600w, https:\/\/josef-wolff.de\/wp-content\/uploads\/2025\/01\/BlueBeauty-300x169.jpg 300w\" sizes=\"auto, (max-width: 600px) 100vw, 600px\" \/><\/figure>\n<\/div>\n\n\n<p class=\"has-text-align-right\">Seit 2019 begleitet mich diese <br>Blaue Sch\u00f6nheit <br>auf meinen Touren.<\/p>\n\n\n\n<p class=\"has-text-align-right\"><\/p>\n\n\n\n<p><\/p>\n\n\n\n<p><\/p>\n\n\n\n<figure class=\"wp-block-image size-full\"><img loading=\"lazy\" decoding=\"async\" width=\"800\" height=\"600\" src=\"https:\/\/josef-wolff.de\/wp-content\/uploads\/2025\/01\/Lucky.jpg\" alt=\"\" class=\"wp-image-459\" srcset=\"https:\/\/josef-wolff.de\/wp-content\/uploads\/2025\/01\/Lucky.jpg 800w, https:\/\/josef-wolff.de\/wp-content\/uploads\/2025\/01\/Lucky-300x225.jpg 300w, https:\/\/josef-wolff.de\/wp-content\/uploads\/2025\/01\/Lucky-768x576.jpg 768w\" sizes=\"auto, (max-width: 767px) 89vw, (max-width: 1000px) 54vw, (max-width: 1071px) 543px, 580px\" \/><\/figure>\n\n\n\n<p>Seit 2023 geh\u00f6rt <em>Lucky <\/em>mit zur Familie, eine BM Jolle, die einem von Schwammenauel aus das Tor zum Himmel \u00f6ffnet! Echt!<\/p>\n\n\n\n<p class=\"has-text-align-right\">zuletzt aktualisiert: Jan. 2025, jw<\/p>\n\n\n\n<p><\/p>\n","protected":false},"excerpt":{"rendered":"<p>Biographie &#8211; tja, so wurde ich, wer ich bin: 4. Dez. 1968 (am Namenstag der Hl. Barbara) geboren in Eschweiler, getauft (am 22.12.68 durch Pater Joh. Wolff) und aufgewachsen in D\u00fcrwi\u00df (kath. Pfarre St. Bonifatius), Kindergarten St. Josef, Kath. Grundschule D\u00fcrwi\u00df, Sch\u00fctzenbruderschaft St. Sebastianus D\u00fcrwi\u00df (Jeder f\u00e4ngt mal klein an&#8230;) 1988 Abitur am St\u00e4dt. Gymnasium &hellip; <\/p>\n<p class=\"link-more\"><a href=\"https:\/\/josef-wolff.de\/?page_id=12\" class=\"more-link\"><span class=\"screen-reader-text\">\u201eBiographie\u201c <\/span>weiterlesen<\/a><\/p>\n","protected":false},"author":1,"featured_media":0,"parent":0,"menu_order":0,"comment_status":"closed","ping_status":"closed","template":"","meta":{"footnotes":""},"class_list":["post-12","page","type-page","status-publish","hentry"],"_links":{"self":[{"href":"https:\/\/josef-wolff.de\/index.php?rest_route=\/wp\/v2\/pages\/12","targetHints":{"allow":["GET"]}}],"collection":[{"href":"https:\/\/josef-wolff.de\/index.php?rest_route=\/wp\/v2\/pages"}],"about":[{"href":"https:\/\/josef-wolff.de\/index.php?rest_route=\/wp\/v2\/types\/page"}],"author":[{"embeddable":true,"href":"https:\/\/josef-wolff.de\/index.php?rest_route=\/wp\/v2\/users\/1"}],"replies":[{"embeddable":true,"href":"https:\/\/josef-wolff.de\/index.php?rest_route=%2Fwp%2Fv2%2Fcomments&post=12"}],"version-history":[{"count":7,"href":"https:\/\/josef-wolff.de\/index.php?rest_route=\/wp\/v2\/pages\/12\/revisions"}],"predecessor-version":[{"id":460,"href":"https:\/\/josef-wolff.de\/index.php?rest_route=\/wp\/v2\/pages\/12\/revisions\/460"}],"wp:attachment":[{"href":"https:\/\/josef-wolff.de\/index.php?rest_route=%2Fwp%2Fv2%2Fmedia&parent=12"}],"curies":[{"name":"wp","href":"https:\/\/api.w.org\/{rel}","templated":true}]}}